-2.
-5
What is the value of -6 + 2 - (-1 + 2)?
-5
Evaluate 3 - (2 - (1 - 2 - 1)).
-1
-1 + 7 + -11 + -1 + 1
-5
What is the value of -10 - -9 - (-1 - -1)?
-1
Evaluate -5 - -9 - 13 - -6.
-3
Calculate -11 + 7 + (6 - 8).
-6
What is -3 + (9 - (2 - -3))?
1
Evaluate -11 - (-14 - 11) - 9.
5
What is (-2 - -3) + (-8 + 3 - 0)?
-4
Evaluate -2 + 2 + (-2 + 4 - 6).
-4
12 + 19 + -34 - (0 + 5)
-8
What is the value of -2 + 14 - (-1 + (-12 - -19))?
6
Calculate 5 - -2 - (12 + (5 - 10)).
0
4 + (-4 - -1 - 2)
-1
(15 + -18 - (-1 - -2)) + 2
-2
2 + 6 + (1 - 9)
0
-4 - -4 - (2 - 0 - -2)
-4
0 - (-4 - (-4 + 0 + 1))
1
Calculate (23 - 18) + (-1 - -1).
5
What is the value of 1 - 2 - -2 - (-11 + 14)?
-2
6 + 2 - 5 - (2 + 1)
0
What is 0 - (-8 - -14) - -12?
6
Calculate (5 - 6) + (0 - 1) + 3.
1
-9 - ((-3 - 5) + (5 - -3))
-9
Evaluate 0 - (-6 + 5 + 4).
-3
Calculate (-3 - 7 - -9) + 0 + 1.
0
Evaluate -2 - (-1 + 0 + 7 - 5).
-3
Evaluate 7 + (-5 - ((8 - 2) + -14)).
10
1 + 3 + -10 - (-10 - 0)
4
What is the value of (2 - -1) + (-1 - 1) - 7?
-6
Calculate 1 + 1 + -5 - 2.
-5
(-1 - (-3 + -3) - 1) + -7
-3
Calculate 0 + -1 - (9 - 5).
-5
Calculate 4 + (-3 - (-9 - -6)) + 0.
4
What is the value of 0 - (-2 + 3) - (-10 - -13)?
-4
1 - -1 - (-3 + 4 - 0)
1
1 + 0 - (-1 + 5)
-3
Evaluate -42 - -38 - (-3 - 0 - 3).
2
Evaluate (6 - 0 - 6) + (5 - 1).
4
Evaluate 0 + (-1 - (-3 - (5 - 7))).
0
Calculate -3 + (15 - 14) + 0 + 0.
-2
0 + -2 + 2 - (-2 - -1)
1
Calculate -3 - -14 - (6 - 4).
9
Calculate 2 + -2 - -3 - (31 - 31).
3
Evaluate (-8 - (10 + -12)) + -4 + 11.
1
What is -4 - (-2 - (8 + -5)) - 0?
1
What is the value of 1 - (-5 + 2 + 5)?
-1
What is 8 + 1 + (-8 - 0)?
1
Calculate -3 + (-8 - (-7 + -10)).
6
2 + 1 + -32 + 14 + 9
-6
What is the value of (-6 - -11) + -7 + 7?
5
-6 + 0 + 54 + -43
5
What is the value of -152 + 138 - (1 + -8)?
-7
Evaluate (3 - 0 - (-4 - -7)) + 2.
2
What is 1 + (-8 + -4 - -18)?
7
What is the value of -22 + 27 + (-2 - 3) + -7?
-7
Calculate 1 + 1 + -8 + -2 + 12.
4
Calculate (-9 - -7 - (0 + -6)) + -4.
0
Evaluate 3 - 1 - (8 + (5 - 9)).
-2
-8 + 0 + 2 + 2
-4
Calculate 2 - (1 - ((-6 - -5) + 1)).
1
Evaluate (4 - -1) + (2 + 1 - 3).
5
What is 5 - 4 - (2 - 0 - 5)?
4
Evaluate 2 + -2 + -13 + 9.
-4
What is the value of 17 + -14 - ((1 - 2) + 5)?
-1
What is -4 + (7 - 0 - -3) - -1?
7
-4 + 6 + -3 + 4 + 0
3
What is (-1 - 0) + (-3 - (-1 - 1))?
-2
-5 + (17 - (-1 - -9)) - -1
5
11 - 4 - 7 - 3
-3
Calculate 9 - (2 - (-6 + 2)).
3
What is the value of 5 + -6 + 6 - 9?
-4
What is the value of 3 - (2 + 0 - -5)?
-4
Evaluate 0 + 8 + -4 - (-1 - 1).
6
What is -13 + 10 + (1 - -6)?
4
0 - 0 - (-2 + -1) - 8
-5
3 + (4 - 5) - 5
-3
1 - (5 + (1 - 3) - 2)
0
What is -12 - (-8 + 8 - 8)?
-4
Calculate 3 + (-3 - 3) + 0 - -3.
0
Evaluate -4 + 9 + -9 + 5 - -4.
5
Calculate -2 - (2 - 7 - (1 + 1)).
5
(-7 + 1 - -4) + 5
3
(6 - (7 + (4 - 4))) + 0
-1
What is the value of (-4 - 0) + (4 - 2)?
-2
What is 60 + -58 - (-1 - -3)?
0
What is 6 - ((-15 - -5) + 10)?
6
What is -1 + -1 + 0 + 246 + -249?
-5
Calculate 2 + -5 + (7 - 3) + 3.
4
-2 + -4 + (-6 - -11 - 1)
-2
Calculate 3 + 12 + -5 + -5 - -3.
8
What is 0 + 2 + -6 + (-8 - -12)?
0
Evaluate (2 - -5) + -17 + (-9 - -13).
-6
Calculate -8 + 7 + (1 - (-1 - 3)).
4
Calculate 1 + 3 + (1 + -12 - -7).
0
Evaluate (-1 - -1) + (-5 - 0) + 5.
0
Evaluate (0 - -1) + -1 + (9 - 9).
0
Evaluate (1 - 7) + (3 - 2).
-5
Calculate (-165 - -170) + 1 + (0 - 1).
5
What is the value of 7 + -2 + 2 + -4?
3
Calculate (8 - (1 + 11)) + (1 - -3).
0
1 - (5 + -9) - 7 - 0
-2
0 - (-3 + -2) - 5
0
7 + -3 - (-14 + 13)
5
What is 5 - (-6 - -3 - -20 - 7)?
-5
2 + -6 + (7 - -2)
5
What is the value of 3 + (-10 - (-3 - (-3 + 4)))?
-3
Calculate 4 - (-4 + (4 - -4)).
0
Calculate 7 - (3 + 0) - 5.
-1
Evaluate 14 - 11 - -5 - 15.
-7
Evaluate 3 + (-2 + 1 + -2 - -2).
2
What is -2 - (5 + -3 - (0 + -1))?
-5
What is 5 + -3 + -3 + (-7 - -6)?
-2
Evaluate -4 - 1 - (-11 + 8).
-2
-1 + 4 + -4 - (1 + 2)
-4
Evaluate 7 + -13 + 7 + 0.
1
Evaluate 4 + 2 - (2 - 0).
4
11 + -17 + (-5 - -19)
8
What is the value of (8 - (-1 + 6)) + 1 + -5?
-1
8 + (-7 - (-1 - -4 - 7))
5
What is (0 + -2 - -2) + -18 + 20?
2
What is the value of (-3 - (-3 - 5 - -2)) + -9?
-6
What is the value of -7 + (-12 + 6 - -9)?
-4
-2 + (-3 - -6) - (7 + -2)
-4
Evaluate 0 + -3 - -7 - 9.
-5
Evaluate -10 + 3 + -3 + 4.
-6
What is (-12 - (-11 - -3)) + (-3 - -15)?
8
Calculate -7 - (-2 + -5 + -3 + 6).
-3
-9 + (-4 - -27) - 9
5
-2 + (11 - 5) + 2 + -5
1
What is the value of (-1 - 2) + (-8 - -19)?
8
What is (3 - 4) + 4 + (-1 - -3)?
5
(-3 - -9) + -3 - (1 + 4)
-2
What is the value of -1 + 7 + -2 + 1?
5
What is the value of 12 - 13 - (3 + 2)?
-6
Calculate -21 + 27 + (0 - -6) + -6.
6
Evaluate -9 + (2 - (10 + -12)).
-5
Calculate -1 - (1 + -3) - (-3 + 1).
3
Evaluate 2 + -2 + 6 - 1.
5
What is -1 + (0 - -3 - 6)?
-4
What is the value of (93 - 99) + (5 - (-1 - 0))?
0
Calculate (7 - 5 - -3 - -3) + -5.
3
Evaluate 2 - (-7 + 12 + 7).
-10
What is -1 + (5 - -1) - 1?
4
(8 - (-5 - -11)) + -8
-6
4 - (6 + -11 + -2 + 6)
5
Calculate 3 - (-4 + 0 + 4).
3
What is -18 + 10 + -1 + 2?
-7
Calculate 3 - (4 + -2 + 3).
-2
What is the value of 2 + -7 - -5 - -6?
6
What is the value of 5 + 0 - (0 - (-3 - -2))?
4
Evaluate 1 - (4 + 1 + -5 + 1).
0
What is 1 - 3 - (-142 + 142)?
-2
Evaluate (-5 - 1 - (-8 - -8)) + 1.
-5
What is the value of 3 + -2 + 4 + -12?
-7
What is (4 - -9 - 1) + -22?
-10
What is -4 + (-6 - (-12 - -4))?
-2
Calculate 4 - (1 - -1 - 2).
4
Evaluate (17 - 8) + -3 + -2 + 1.
5
What is the value of -2 - (1 - 10) - (-21 + 23)?
5
0 + (0 - (-1 + 3))
-2
What is (-8 - -10) + -1 + -2?
-1
Calculate -5 + 4 + (-5 - (-4 + -5)).
3
-5 + -6 + (-8 - -23)
4
-2 + 2 + 2 + (2 - 0)
4
What is the value of (-2 - 1) + (11 - (-3 - -8))?
3
Evaluate -3 - (-13 + 7 + -2).
5
What is the value of 14 + 3 + -2 + -9?
6
Calculate -1 + -1 + 12 + -9.
1
Calculate 11 + (-3 - 6) - (0 - -7).
-5
What is 8 + -11 + 3 + 6?
6
1 - ((-3 - -3) + -1)
2
-1 - (5 + 2 + -5)
-3
What is the value of 3 - ((8 - 11 - 4) + 6)?
4
What is the value of 1 + -1 + -3 + (-6 - -10)?
1
2 - (-3 + -1 + 1)
5
What is (-6 - (10 + -15)) + 1 + -6?
-6
Evaluate 1 - -5 - (5 - 2).
3
What is the value of -4 + 8 - -5 - 3?
6
-1 - -2 - 5 - -1
-3
98 + -104 - (0 - 5)
-1
What is the value of 16 + -8 + -11 + (0 - -7)?
4
Evaluate 12 + 1 + 1 + -20.
-6
What is the value of -9 + 1 - -4 - -2?
-2
What is the value of -3 + 1 + 1 - (50 + -50)?
-1
Calculate -1 - (0 + 3) - (-185 - -185).
-4
What is the value of 5 + -3 + (-9 + 0 - -4)?
-3
(-4 - -1) + (2 - 0)
-1
What is the value of -7 - (-32 + 5) - 12?
8
What is -4 + (-8 - -23) - 3?
8
0 + 2 + -5 + -2 + 1
-4
What is -3 + (45 - 40) + (7 - 0)?
9
What is the value of 0 + (4 + -5 - 7)?
-8
Calculate 12 + -9 + (-5 - -8) + -4.
2
What is the value of -93 - -90 - (-9 - 0)?
6
What is (1 - 3) + (-7 - -3)?
-6
What is the value of 3 - -1 - (-5 - -9 - 4)?
4
Evaluate 2 - (8 - 1) - -5.
0
Evaluate (3 - 2) + -3 + (6 - 2).
2
3 + 7 + -13 + 9
6
What is the value of -2 - (0 - -1 - (1 - 2))?
-4
What is the value of -1 - -1 - (0 + 5 - 3)?
-2
What is (5 + -11 - -8) + 0 + 3?
5
What is -13 + (-8 - 2) + 21?
-2
Evaluate 0 - (2 - 3 - (-1 + 2)).
2
Calculate (-11 + 8 - (1 - 13)) + -5.
4
What is (-2 - (-8 - -6)) + 3?
3
Evaluate 3 + 0 + (-13 - -11).
1
Calculate 10 + (-10 - -1) + 6.
7
Evaluate -10 + -4 + 14 + -6.
-6
Evaluate -3 - (2 + -5 + 5).
-5
What is 12 + 13 + -16 - 17?
-8
What is the value of -9 + 3 + (5 - -2) + -5?
-4
What is the value of 9 + (0 - 10) - 3?
-4
What is -8 + 3 + 1 + -3 + 3?
-4
What is the value of -16 + (4 - 4) - -7?
-9
Evaluate (-2 - 2) + 5 - -1.
2
-1 + (4 - 5) + (-2 - 1)
-5
Calculate -1 + (3 + -3 + 2 - 1).
0
What is (-2 - 1) + (4 - (3 + 2))?
-4
What is 0 + -2 + (-3 - (-6 - -4))?
-3
Evaluate -1 + (6 - 5) + 0 + -3.
-3
Calculate (-5 + 1 - (-16 - -10)) + -4.
-2
What is the value of -2 - (-7 + -3 - -1)?
7
Calculate (2 - 0 - -1) + 0 + -5.
-2
3 - (-1 + -4 + 4)
4
0 + 1 + (4 - 0) - 3
2
Calculate 1 - (5 + -2) - (-16 + 11).
3
What is -9 + 15 - (5 + 3)?
-2
What is 29 - 20 - (-3 + 12)?
0
What is the value of (-6 + 10 - -4) + -5 - 1?
2
-4 - (2 + -2 + -6) - -5
7
What is the value of 0 - ((-2 - 2) + (-2 - -2))?
4
What is (1 - 3) + (7 - 0)?
5
Evaluate -6 + 4 - 4 - -9.
3
What is -6 + (-4 - -1) + 9?
0
-4 - (-1 - -2 - (-4 + 6))
-3
Calculate 15 + 2 + -14 - -2.
5
What is the value of 4 + (3 - (5 + 5))?
-3
Evaluate (-5 - -4) + 4 + 0 + 0.